[INFO] fetching crate rmbr 0.1.0...
[INFO] checking rmbr-0.1.0 against try#72f88fc4e9458f89516a0b8b0868f3718aec5b47 for pr-74989
[INFO] extracting crate rmbr 0.1.0 into /workspace/builds/worker-6/source
[INFO] validating manifest of crates.io crate rmbr 0.1.0 on toolchain 72f88fc4e9458f89516a0b8b0868f3718aec5b47
[INFO] running `Command { std: "/workspace/cargo-home/bin/cargo" "+72f88fc4e9458f89516a0b8b0868f3718aec5b47" "read-manifest" "--manifest-path" "Cargo.toml", kill_on_drop: false }`
[INFO] started tweaking crates.io crate rmbr 0.1.0
[INFO] finished tweaking crates.io crate rmbr 0.1.0
[INFO] tweaked toml for crates.io crate rmbr 0.1.0 written to /workspace/builds/worker-6/source/Cargo.toml
[INFO] running `Command { std: "/workspace/cargo-home/bin/cargo" "+72f88fc4e9458f89516a0b8b0868f3718aec5b47" "generate-lockfile" "--manifest-path" "Cargo.toml" "-Zno-index-update", kill_on_drop: false }`
[INFO] running `Command { std: "/workspace/cargo-home/bin/cargo" "+72f88fc4e9458f89516a0b8b0868f3718aec5b47" "fetch" "--locked" "--manifest-path" "Cargo.toml", kill_on_drop: false }`
[INFO] running `Command { std: "docker" "create" "-v" "/var/lib/crater-agent-workspace/builds/worker-6/target:/opt/rustwide/target:rw,Z" "-v" "/var/lib/crater-agent-workspace/builds/worker-6/source:/opt/rustwide/workdir:ro,Z" "-v" "/var/lib/crater-agent-workspace/cargo-home:/opt/rustwide/cargo-home:ro,Z" "-v" "/var/lib/crater-agent-workspace/rustup-home:/opt/rustwide/rustup-home:ro,Z" "-e" "SOURCE_DIR=/opt/rustwide/workdir" "-e" "CARGO_TARGET_DIR=/opt/rustwide/target" "-e" "CARGO_HOME=/opt/rustwide/cargo-home" "-e" "RUSTUP_HOME=/opt/rustwide/rustup-home" "-w" "/opt/rustwide/workdir" "-m" "1610612736" "--user" "0:0" "--network" "none" "rustops/crates-build-env@sha256:d92eaeed33fa75130ca1ee6c8a01d1ffb62bac859dfdfb3450e3e5d1c0146529" "/opt/rustwide/cargo-home/bin/cargo" "+72f88fc4e9458f89516a0b8b0868f3718aec5b47" "metadata" "--no-deps" "--format-version=1", kill_on_drop: false }`
[INFO] [stdout] 8df827cd19a6b6fb686049f92f79f15586661b05db76fa1e8f19b61a5aa3c2c7
[INFO] [stderr] WARNING: Your kernel does not support swap limit capabilities or the cgroup is not mounted. Memory limited without swap.
[INFO] running `Command { std: "docker" "start" "-a" "8df827cd19a6b6fb686049f92f79f15586661b05db76fa1e8f19b61a5aa3c2c7", kill_on_drop: false }`
[INFO] running `Command { std: "docker" "inspect" "8df827cd19a6b6fb686049f92f79f15586661b05db76fa1e8f19b61a5aa3c2c7", kill_on_drop: false }`
[INFO] running `Command { std: "docker" "rm" "-f" "8df827cd19a6b6fb686049f92f79f15586661b05db76fa1e8f19b61a5aa3c2c7", kill_on_drop: false }`
[INFO] [stdout] 8df827cd19a6b6fb686049f92f79f15586661b05db76fa1e8f19b61a5aa3c2c7
[INFO] running `Command { std: "docker" "create" "-v" "/var/lib/crater-agent-workspace/builds/worker-6/target:/opt/rustwide/target:rw,Z" "-v" "/var/lib/crater-agent-workspace/builds/worker-6/source:/opt/rustwide/workdir:ro,Z" "-v" "/var/lib/crater-agent-workspace/cargo-home:/opt/rustwide/cargo-home:ro,Z" "-v" "/var/lib/crater-agent-workspace/rustup-home:/opt/rustwide/rustup-home:ro,Z" "-e" "SOURCE_DIR=/opt/rustwide/workdir" "-e" "CARGO_TARGET_DIR=/opt/rustwide/target" "-e" "CARGO_INCREMENTAL=0" "-e" "RUST_BACKTRACE=full" "-e" "RUSTFLAGS=--cap-lints=forbid" "-e" "CARGO_HOME=/opt/rustwide/cargo-home" "-e" "RUSTUP_HOME=/opt/rustwide/rustup-home" "-w" "/opt/rustwide/workdir" "-m" "1610612736" "--user" "0:0" "--network" "none" "rustops/crates-build-env@sha256:d92eaeed33fa75130ca1ee6c8a01d1ffb62bac859dfdfb3450e3e5d1c0146529" "/opt/rustwide/cargo-home/bin/cargo" "+72f88fc4e9458f89516a0b8b0868f3718aec5b47" "check" "--frozen" "--all" "--all-targets" "--message-format=json", kill_on_drop: false }`
[INFO] [stderr] WARNING: Your kernel does not support swap limit capabilities or the cgroup is not mounted. Memory limited without swap.
[INFO] [stdout] 98ea281f87c303c4d90ac6fc5853f5f1abf68178b4a03177e163937653324669
[INFO] running `Command { std: "docker" "start" "-a" "98ea281f87c303c4d90ac6fc5853f5f1abf68178b4a03177e163937653324669", kill_on_drop: false }`
[INFO] [stderr]    Compiling serde v1.0.116
[INFO] [stderr]     Checking rmbr v0.1.0 (/opt/rustwide/workdir)
[INFO] [stdout] error[E0433]: failed to resolve: use of undeclared type or module `planr`
[INFO] [stdout]  --> tests/common.rs:1:5
[INFO] [stdout]   |
[INFO] [stdout] 1 | use planr::prelude::*;
[INFO] [stdout]   |     ^^^^^ use of undeclared type or module `planr`
[INFO] [stdout] 
[INFO] [stdout] 
[INFO] [stdout] error[E0422]: cannot find struct, variant or union type `Class` in this scope
[INFO] [stdout]  --> tests/common.rs:7:21
[INFO] [stdout]   |
[INFO] [stdout] 7 |     let mut class = Class {
[INFO] [stdout]   |                     ^^^^^ not found in this scope
[INFO] [stdout]   |
[INFO] [stdout] help: consider importing this struct
[INFO] [stdout]   |
[INFO] [stdout] 1 | use rmbr::prelude::Class;
[INFO] [stdout]   |
[INFO] [stdout] 
[INFO] [stdout] 
[INFO] [stdout] error[E0422]: cannot find struct, variant or union type `TaskList` in this scope
[INFO] [stdout]   --> tests/common.rs:10:16
[INFO] [stdout]    |
[INFO] [stdout] 10 |         tasks: TaskList { 0: Vec::new() }
[INFO] [stdout]    |                ^^^^^^^^ not found in this scope
[INFO] [stdout]    |
[INFO] [stdout] help: consider importing this struct
[INFO] [stdout]    |
[INFO] [stdout] 1  | use rmbr::prelude::TaskList;
[INFO] [stdout]    |
[INFO] [stdout] 
[INFO] [stdout] 
[INFO] [stdout] error[E0422]: cannot find struct, variant or union type `Task` in this scope
[INFO] [stdout]   --> tests/common.rs:14:24
[INFO] [stdout]    |
[INFO] [stdout] 14 |     class.tasks.0.push(Task {
[INFO] [stdout]    |                        ^^^^ not found in this scope
[INFO] [stdout]    |
[INFO] [stdout] help: consider importing this struct
[INFO] [stdout]    |
[INFO] [stdout] 1  | use rmbr::prelude::Task;
[INFO] [stdout]    |
[INFO] [stdout] 
[INFO] [stdout] 
[INFO] [stdout] error[E0422]: cannot find struct, variant or union type `Task` in this scope
[INFO] [stdout]   --> tests/common.rs:21:24
[INFO] [stdout]    |
[INFO] [stdout] 21 |     class.tasks.0.push(Task {
[INFO] [stdout]    |                        ^^^^ not found in this scope
[INFO] [stdout]    |
[INFO] [stdout] help: consider importing this struct
[INFO] [stdout]    |
[INFO] [stdout] 1  | use rmbr::prelude::Task;
[INFO] [stdout]    |
[INFO] [stdout] 
[INFO] [stdout] 
[INFO] [stdout] error[E0422]: cannot find struct, variant or union type `Task` in this scope
[INFO] [stdout]   --> tests/common.rs:36:15
[INFO] [stdout]    |
[INFO] [stdout] 36 |     let tsk = Task {
[INFO] [stdout]    |               ^^^^ not found in this scope
[INFO] [stdout]    |
[INFO] [stdout] help: consider importing this struct
[INFO] [stdout]    |
[INFO] [stdout] 1  | use rmbr::prelude::Task;
[INFO] [stdout]    |
[INFO] [stdout] 
[INFO] [stdout] 
[INFO] [stdout] error: aborting due to 6 previous errors
[INFO] [stdout] 
[INFO] [stdout] 
[INFO] [stdout] Some errors have detailed explanations: E0422, E0433.
[INFO] [stdout] 
[INFO] [stdout] For more information about an error, try `rustc --explain E0422`.
[INFO] [stdout] 
[INFO] [stderr] error: could not compile `rmbr`.
[INFO] [stderr] 
[INFO] [stderr] To learn more, run the command again with --verbose.
[INFO] running `Command { std: "docker" "inspect" "98ea281f87c303c4d90ac6fc5853f5f1abf68178b4a03177e163937653324669", kill_on_drop: false }`
[INFO] running `Command { std: "docker" "rm" "-f" "98ea281f87c303c4d90ac6fc5853f5f1abf68178b4a03177e163937653324669", kill_on_drop: false }`
[INFO] [stdout] 98ea281f87c303c4d90ac6fc5853f5f1abf68178b4a03177e163937653324669
